 Suppose 0*j - 5*j = -p. Is j prime?
False
Suppose 0 = 3*n - 5*c - 29181, -28*n - 38891 = -32*n + c. Is n a prime number?
False
Suppose 831*j + 12370248 = 903*j. Is j a prime number?
False
Let q(i) = -4*i + 11*i**2 + 33 + 48*i**3 + 5*i + 12*i - 47*i**3. Let y be q(-10). Suppose -2*v = -y*v + 1097. Is v a composite number?
False
Let z = 1910796 + -1198565. Is z a composite number?
True
Suppose -2*g - 3*g - 6 = 4*d, 5*d + 18 = -g. Suppose -g*x - 2*s + 18552 = 0, 37122 = 4*x - s - 4*s. Is x a prime number?
False
Suppose -19*u = -255540 + 14981. Is u composite?
True
Suppose -2*r + 5*f = -2, 4*f + 1 = -15. Is 130802/4 - r/(-6) a composite number?
True
Let j(g) = 1742*g**2 + 3*g + 2. Let o be j(-1). Let c = -22 - -88. Let i = o + c. Is i composite?
True
Suppose k - 4 = 0, 0*i + 61 = i + 3*k. Suppose 61*b - i*b = 34140. Is b composite?
True
Suppose 3*d - 3*o - 22189 = 2*o, 3*o = 2*d - 14793. Suppose 4*k = -20, d + 7311 = 4*h - 5*k. Is h a composite number?
False
Suppose 30617194 + 11954819 = 180*l + 8874033. Is l a composite number?
False
Let f be -2 - (6/(-4))/(12/(-32)). Let c be 423/2 + f/(-4). Is 0 + 1/(1/c) prime?
False
Let m(b) = -231*b + 332. Let y = 228 + -235. Is m(y) a composite number?
False
Let c(o) = o**3 + 8*o**2 + 8*o - 2. Let u be c(-4). Let k = -27 + u. Suppose d = -2*f + 211, -5*d = f - k*f - 1007. Is d a composite number?
True
Let l = -1728 + 1199. Let a = l + 1044. Suppose -h - a = -6*h. Is h composite?
False
Is ((-73)/584)/(7/(-4506376)) a prime number?
True
Let m be (-8556)/(-21) + (-27)/63. Let c = 294 + m. Is c a composite number?
False
Let l = 12330 - -53333. Is l a composite number?
True
Is (112324/(-24))/((-5)/30) prime?
True
Suppose 197*k + 1945 = -2194 + 987. Let u = -5496 + 1413. Is u*k/(-12)*3/(-12) prime?
True
Let a be (4/3)/(8/12). Let x be (a - 12)*(6 + 1622). Is x/(-26) + 12/(-78) + 0 a prime number?
False
Suppose q + 4*x - 2*x = 22193, -4*q + x + 88799 = 0. Let w = q + -15852. Is w prime?
False
Let d = 591 + -1232. Let j = d - -3106. Suppose 1833 = 2*k - j. Is k a prime number?
False
Let a(q) = 31*q - 33. Let k(c) = -62*c + 70. Let u(x) = -5*a(x) - 2*k(x). Is u(-6) a composite number?
False
Suppose 7 = 5*i - 8*i + 5*y, 0 = 4*i + 4*y - 12. Let j be (-8091)/(-6)*(3 - i). Let t = -814 + j. Is t a composite number?
True
Let n be 2/3 - 14497/(-21). Suppose -n = -v - 4*s, -v + 3*v - s - 1364 = 0. Is v composite?
False
Suppose 0 = 13*j - 6244 + 17450. Suppose -3*y = -6*y + 5265. Let a = y + j. Is a prime?
False
Let w = 384992 - 81243. Is w prime?
True
Let s = 427 + -951. Let a = -304 - s. Suppose u - 674 = -2*z, z + 4*u - a - 131 = 0. Is z a composite number?
True
Let v = -12920 + 19285. Let k = v - 3760. Suppose 28*u = 27*u + k. Is u prime?
False
Let v = -30 + 22. Let q be v*2/2 - 0. Let j(l) = -17*l - 18. Is j(q) composite?
True
Suppose -3*t - 5*h = -87678, -h - 146158 = 45*t - 50*t. Is t a prime number?
True
Let c be (-130)/13 + -1 + (3 - -2). Is ((-35)/(-5) + c)*3263 composite?
True
Let d(l) = -l**3 + 4*l**2 + 4*l - 16. Let z be d(3). Suppose -19569 = -3*s - z*u, -2481 = -s - 2*u + 4042. Is s a composite number?
True
Suppose 0 = -5*c - 2*z + 122399, -4*c - 156*z = -160*z - 97936. Is c composite?
False
Suppose 5*s - 218293 = -2*q, 0 = 5*s - 2*q - 20424 - 197893. Is s a composite number?
False
Let p = 45 + -40. Let r(q) = -15 - 4 + 68*q + p - 11. Is r(12) composite?
True
Let k be 84/15 + 2/5 - 6. Suppose k = 2*r - r - 5*u - 14187, 5*u = 10. Is r a prime number?
True
Suppose -14*o = 31*o - 175815. Is o a prime number?
True
Let f = -35 + 35. Suppose f = 3*v - 9196 - 56687. Is v a prime number?
True
Suppose -u + 2*y + 291 = -52, 0 = 4*u - y - 1358. Is u a prime number?
False
Suppose 412465 - 2536278 = -43*x. Is x prime?
True
Let n(w) = -w**2 + 6*w - 7. Let f be n(3). Suppose 4*m - 2*l - 10954 - 42426 = 0, 2*m + f*l = 26678. Is m composite?
True
Suppose -7 = 5*h + 2*y, 7 - 35 = 4*h - 4*y. Let k(z) = -79*z**3 + z**2 - 3*z. Let o(f) = -82*f**3 + f**2 - 2*f - 1. Let c(p) = -3*k(p) + 4*o(p). Is c(h) prime?
True
Let y(o) be the third derivative of o**5/60 + 2*o**4/3 - 10*o**3/3 + o**2. Let x be y(-9). Let w = x - -274. Is w composite?
False
Is (78/24 + -3)*191164 composite?
False
Suppose w = -3*q + 311, -10*q + 5*w + 230 = -8*q. Let y = 2684 - q. Is y prime?
True
Let l(r) = -r**2 + 341*r + 59. Is l(0) composite?
False
Suppose 43*z - 153042 = -3*z. Is z a composite number?
True
Let u(w) = 866*w + 11. Let h(m) = m**3 + 4*m**2 - 15*m - 15. Let y be h(-6). Is u(y) a composite number?
False
Let i(w) be the third derivative of 7*w**4 + 7*w**3/2 + 12*w**2. Let n be i(-6). Let d = n - -1954. Is d a composite number?
False
Let x(d) = 7760*d + 10. Let y be x(-1). Let k = 18653 + y. Is k a composite number?
False
Let h(x) be the second derivative of x**5/20 - x**4/2 + 5*x**3/6 + 3*x**2 + 3*x. Let a be h(4). Is 4 + (-138)/12*3*a prime?
True
Let n(z) = -z**3 + 3*z**2 + z + 4. Let l be n(3). Suppose b = l*b. Suppose -u - u + 2222 = b. Is u a prime number?
False
Let y = 7304 - 3864. Let n = y - 1381. Is n composite?
True
Let f(n) = 51212*n + 4849. Is f(5) a prime number?
False
Let s(y) = 0 + 4 + 3 - 1432*y + 2 - 2. Let g = 12 - 15. Is s(g) composite?
True
Suppose 4*r - 4*s - 68 = 0, 0 = r - 3*s + s - 18. Suppose 12*a - r*a = -8. Is (a + 3128)/(-4*4/(-8)) a prime number?
False
Let c be (-561)/34 + 1/(-2). Let v = c + 16. Let g(s) = 195*s**2 - s - 2. Is g(v) composite?
True
Let a(y) = 13*y + 8*y**3 + 7*y - 13 + 7*y**2 - 17*y. Suppose 2*l + 4*c - 32 = 0, -4*l - 4 = 2*c - 38. Is a(l) a prime number?
False
Suppose 11 + 34 = 5*a - 5*w, -26 = -4*a + 2*w. Suppose -5*p = -s - 31949, a*s - 27208 = -4*p - 1668. Is p prime?
True
Suppose 2*l + 2*l + z - 75 = 0, -z = 2*l - 39. Suppose 12*n - 18 = l. Suppose -4*q - n*a - 2*a + 1333 = 0, -2*q - a + 671 = 0. Is q prime?
True
Let k = 24357 - 7919. Is k composite?
True
Suppose 1703*g - 189695 = 1698*g. Is g prime?
False
Let r = -22342 + 46649. Is r prime?
False
Let s be 2 - (-1380)/(20/5). Let b = -784 + s. Is -2*(-1 + b - (-3)/(-6)) a composite number?
False
Let p(f) = 2*f**3 + 3*f**2 + f - 19. Let s(g) = 10*g**2 - 9*g - 9. Let h(i) = 9*i**2 - 8*i - 8. Let c(o) = 6*h(o) - 5*s(o). Let a be c(2). Is p(a) composite?
False
Let k(n) = n**2 + 1. Let q(t) = -28*t**3 + 10*t**2 + 23*t + 1. Let f(x) = 4*k(x) + q(x). Is f(-8) composite?
False
Let n = 527 - 534. Is 345630/40 - n/28 a composite number?
False
Let z(h) = -207*h - 155. Let t be z(24). Let n = 7684 + t. Is n a prime number?
False
Let h(d) be the second derivative of -d**5/20 - d**4/12 + d**3/6 + 1193*d**2/2 - 2*d - 11. Is h(0) a composite number?
False
Suppose 4*h = h + h. Suppose -9*i + 30*i - 210147 = h. Is i composite?
False
Let m be 7/((-63)/96)*-3. Is (0 + -2)*4/(m/(-18244)) prime?
True
Let i be -2*(-651)/8 - (-3)/(-4). Let q = -95 + i. Suppose 0 = -u + 345 - q. Is u a prime number?
False
Let j(f) = 10*f - 26. Let t be j(2). Is (t/(-9))/2*18153 a composite number?
True
Let o be -74*(-1 + 4) + 0. Let t be (-1 + 623/(-3))*(-213)/142. Let h = t - o. Is h a composite number?
True
Suppose -12*n + 233491 + 91769 = 0. Suppose 4 = -v, -5*t + 19340 = -5*v - n. Suppose 4*a - t = -5*d, -2*d + 3*a - 198 + 3935 = 0. Is d prime?
True
Let t be (-13)/(2*3/(-18)). Suppose -t - 3 = -7*l. Suppose l = 4*j - 206. Is j a composite number?
False
Let c(z) = 17*z**2 - 16*z + 49. Let g = -54 + 34. Is c(g) prime?
False
Let i(u) = -u**2 - u + 60. Let z be i(7). Suppose 58325 = z*y + y. Is y prime?
False
Let x(f) be the first derivative of -57*f**4/4 - 3*f**3 - 43*f**2/2 - 27*f + 53. Is x(-6) prime?
False
Is -64 + 50 - 121357*-1 prime?
True
Suppose 74 = 31*m - 1228. Suppose -m*o = -41*o - 19841. Is o prime?
True
Let r(b) = -7588*b + 15. Let f be r(13). Let k be f/(-171) - 4/(-18). Suppose -16 = -4*g, -t + k = 2*t + g. Is t a prime number?
True
Is (4/(-14))/((-516)/5418) - (-1 - 65317) a composite number?
True
Let m = -47 + 49. Suppose -5*o - m + 1312 = 0. Suppose -6*q + 2372 = -o. Is q a prime number?
True
Let b(l) = 1008*l - 781. Is b(8) composite?
False
Let h(b) = 154*b**2 - 5*b - 26. Suppose 4*p = 5*d + 39, -21*p = -4*d - 19*p - 30. Is h(d) a composite number?
True
Suppose -304 - 101 = 4*w + c, 506 = -5*w - c. Let j = -725 - -1205. Let d = j + w. Is d a composite number?
False